*w**2 - 30*w + 46. Calculate the remainder when f(2) is divided by 15.
5
Let n(f) = f**2 - 3*f - 4. Let d be n(4). Let t(h) = -h**3 - h**2 - h + 32. Calculate the remainder when t(d) is divided by 18.
14
Calculate the remainder when (0 + 1)*(7 - -38 - 6) is divided by 30.
9
Let b(a) = -31*a - 7. Let q be b(-4). Suppose 10*u - q = u. What is the remainder when u is divided by 4?
1
Let y be (-222)/(-10) + (-4)/20. Suppose -y = -2*m + u + u, 4*u = -2*m + 28. What is the remainder when 35 is divided by m?
11
Let q = 12 + -9. Suppose -q*x + 13 = -17. Suppose p - 13 = -9. What is the remainder when x is divided by p?
2
Let z = 6 - -3. Let c be (-4)/(-10) + (-18)/(-5) + -3. Calculate the remainder when c/(-9) + (-1534)/(-117) is divided by z.
4
Suppose -320 = 50*t - 60*t. What is the remainder when 79 is divided by t?
15
Suppose 60 = 2*f - 4*u, 5*f + u = 29 + 88. Let z = f + -19. Suppose y - 84 = -z*y. What is the remainder when 54 is divided by y?
12
Let j be 63/4 + 2/8. Suppose -2*u = -3*u + j. Suppose 0 = 97*i - 90*i - 651. Calculate the remainder when i is divided by u.
13
Suppose -5*s - 814 = -159. Let l = s + 290. What is the remainder when l is divided by 32?
31
Let h(t) = 2*t**2 + 90. Let i be h(0). What is the remainder when (1/(-1))/((-2)/i) is divided by 24?
21
Let l(w) = 94*w - 23. What is the remainder when l(1) is divided by 15?
11
Let d = -815 - -1549. Calculate the remainder when d is divided by 23.
21
Let f be ((-144)/40)/((-2)/5). Suppose -f*x = -2*x - 196. What is the remainder when x is divided by 5?
3
Let h(w) = w. Let z be h(0). Suppose z = 27*n - 23*n - 60. Calculate the remainder when 44 is divided by n.
14
What is the remainder when 103 is divided by (-340)/(-8) + -2*3/(-12)?
17
Suppose -2*r + 5*r + 8 = 5*n, -2*r = -2*n + 4. What is the remainder when (-33 + -2)*6/(-5) - n is divided by 23?
18
Let x = -97 + 191. Let j = -64 + x. Let z(t) = -t**2 - 8*t + 1. Calculate the remainder when j is divided by z(-7).
6
Suppose 7*b - 18 = 5*b. Suppose 0 = -5*o + 146 + b. What is the remainder when o is divided by 19?
12
Suppose 0 = -0*k + 4*k - 196. Suppose 14*z + 30139 - 30419 = 0. Calculate the remainder when k is divided by z.
9
Let p(m) = -2*m**3 + 16*m**2 + 15*m - 43. What is the remainder when p(8) is divided by 17?
9
Suppose -3*i - 4*r + 178 = 0, -14*i + 315 = -9*i + 3*r. Calculate the remainder when 248 is divided by i.
50
Suppose 102*o - 104*o + 216 = w, 0 = 4*o - 4*w - 444. Calculate the remainder when o is divided by 14.
11
Let n = 36 - 22. Suppose l = -5, 2*w - w = -l - 1. What is the remainder when n is divided by w?
2
Suppose 0 = -2*m - 4*a + 12, 4*a - 3 = -4*m + 5. Calculate the remainder when 38 is divided by (20/(-14))/(m/28).
18
Let o(b) = 41*b**3 - 5*b + 5. Suppose v - 22 = -v. Calculate the remainder when o(1) is divided by v.
8
Suppose 3*n = a + 7, 5*n - 3 - 2 = 3*a. Calculate the remainder when 113 is divided by a.
3
Let q(l) = 3*l**2 + l + 2. Suppose -5*v - 252 = -5*f - 767, 2*v + 2*f - 202 = 0. Calculate the remainder when v is divided by q(-3).
24
Suppose -42*v + 6*v = -2340. What is the remainder when 66 is divided by v?
1
Suppose -5*y + 263 = -172. Calculate the remainder when y is divided by 33.
21
Let y(x) = 5*x**2 + 47*x - 314. What is the remainder when y(9) is divided by 87?
79
Calculate the remainder when 15/3*(-49 + 0)/(-7) is divided by 9.
8
Let m = 19 + -6. Let f = -176 - -114. Let t = f - -99. What is the remainder when t is divided by m?
11
Suppose -2*k + i - 44 = 0, 3*k - 2*i = -0*i - 65. Let q = k - -58. Let m = 13 - -89. What is the remainder when m is divided by q?
32
Let f(n) = -n + 13. Let l be 1/(-1)*65/(-5). Let y be f(l). Suppose 3*g - 113 + 32 = y. What is the remainder when 51 is divided by g?
24
Suppose x + 5*p + 2418 = 3*x, -4*x + 5*p + 4816 = 0. Calculate the remainder when x is divided by 48.
47
Suppose 0*m + 9 = 3*m. Suppose -5*i + 5 = -m*v, i - 2*v + 11 = v. Suppose -u + 30 = i*u. What is the remainder when u is divided by 4?
2
Let y = -1 + 9. Let m(t) = -t**3 - 9*t**2 - 14*t - 26. Calculate the remainder when m(-8) is divided by y.
6
Let u be -102*(-3)/(-3 + 9). Suppose 10*z - 11*z + u = 0. Calculate the remainder when z is divided by 27.
24
Let k(h) = -18*h - 20. What is the remainder when 27 is divided by k(-2)?
11
Suppose -5*a + 395 = -135. Let s(n) = 7*n + 62. What is the remainder when a is divided by s(-5)?
25
Suppose 0 = 45*y - 18*y - 16713. What is the remainder when y is divided by 104?
99
Let q = -1032 + 1193. Calculate the remainder when q is divided by 30.
11
Let s(g) = g + 7. Let o be s(-5). Let x(j) = -6*j + 4. Calculate the remainder when x(-3) is divided by 0 - (-4 - (o - -2)).
6
Let j(u) = u + 1. Let f(r) = -4*r**2 - 2*r. Let w(q) = -f(q) + 2*j(q). Let l = 48 - 31. Calculate the remainder when l is divided by w(-2).
7
Suppose 0 = -13*c + 17*c + 12, 0 = 3*m + 2*c - 36. Suppose 2*w = 4*w - 82. Calculate the remainder when -2*1 - w*-1 is divided by m.
11
Let r(h) = 3*h + 9. Suppose 0 = 5*z - 2*x + 33, 3*x = -5*z + 4*x - 34. Let p be r(z). What is the remainder when (177/p)/((-1)/4) is divided by 15?
14
Suppose -23*g = -18*g - 395. What is the remainder when 393 is divided by g?
77
Let w be 2/(-6)*3 - -13. What is the remainder when 109 is divided by 3*(44/w)/1?
10
What is the remainder when (12/18 + -1)*-111 is divided by 10?
7
Suppose 57 = x - 2*y, 17*x = 14*x - y + 136. What is the remainder when 62 is divided by x?
15
Calculate the remainder when 3374 is divided by (-2 + 30/9)/(47/564).
14
Let f(u) = 5*u**2 + 2*u - 3. Calculate the remainder when 29 is divided by f(-2).
3
Let j(t) = 39*t + 300. Calculate the remainder when 39 is divided by j(-7).
12
Let u = -8 + 2. Let q(g) = g**3 - 5*g**2 + 5*g - 2. What is the remainder when q(6) is divided by ((-2)/u)/((-18)/(-702))?
12
Let j be (-16)/32 + 6/4. Let x(o) = 35*o**2. What is the remainder when x(j) is divided by (-414)/(-22) + (-2)/(-11)?
16
Suppose -4*r = r - 95. Let i = 18 + -18. Suppose i*d - 3*d - 5*q = 8, 0 = 3*d - 5*q - 32. Calculate the remainder when r is divided by d.
3
Let i = 26 + 24. Let z(u) = -u**3 + u + 99. Calculate the remainder when z(0) is divided by i.
49
Suppose 5*x = -j - 16 + 133, 4*j - 516 = 4*x. What is the remainder when j is divided by 13?
10
Let s = 25 + -22. Suppose -s - 1 = -v. Calculate the remainder when 6 is divided by (-5)/(5/v) - -8.
2
Suppose 10 = i + 4*i. Suppose -2*h - 4*c = -0 + i, 4*c = 3*h - 37. What is the remainder when h is divided by 5?
2
Let x = -843 + 923. Let q(y) = -26*y**3 - y. Calculate the remainder when x is divided by q(-1).
26
Let p = 325 + 349. What is the remainder when p is divided by 15?
14
Let o(m) = 8*m**2 - 86*m + 256. What is the remainder when 340 is divided by o(3)?
60
Let s be (0 + 5)*30/25. Suppose -3*g + 0*g + 4*u = -53, 16 = g - 3*u. Calculate the remainder when (-1 + s)*(g + 6) is divided by 32.
29
Suppose 4*c - 1903 = -687. Suppose -c = -15*b + 19*b. What is the remainder when -6 - (1 + -3) - b is divided by 19?
15
Let h(b) = -b**2 + 16*b + 12. Let a be h(18). What is the remainder when (a/(-4))/(-3) - -119 is divided by 30?
27
Let s(g) = -3*g - 17. Let z be s(-4). Let d = z - -15. Calculate the remainder when 48 is divided by d.
8
Let z(j) = j**2 - 14*j + 14. Let h be z(13). Suppose 2*y - 9 = h. Suppose -24 = -y*x + 11. What is the remainder when 25 is divided by x?
4
Let q be (-18)/9*(-7)/2. Suppose -3*y + 2*k = -50, 2*y + 2*k - 23 = q. What is the remainder when (-1 + 0)*(-3 - y) is divided by 6?
1
Let g be 0 + 0 + (18 - -3). What is the remainder when 62 is divided by 7/(g/(-27))*-1?
8
Let y = 242 + -212. Calculate the remainder when 179 is divided by y.
29
Let q = -247 + 258. Let j be 0/((2 - 1)*-2). Let u(s) = -s**3 + s**2 - s + 43. What is the remainder when u(j) is divided by q?
10
Let b be ((-36)/(-5))/((-12)/(-160)). Suppose 3*o - 200 = -5*v, 0 = 2*v - 4*v + 2*o + b. What is the remainder when v + (-5)/(15/(-9)) is divided by 24?
22
Suppose -5*l - 7*y = -6*y - 379, y = -3*l + 227. What is the remainder when l is divided by 13?
11
Let d = 11 - 6. Suppose -5*p = d*m - 45, p + m = -3*m + 24. Suppose p*s - 7 = 113. Calculate the remainder when s is divided by 11.
8
Let p be (3 + 1)/((-2)/(-3)). Suppose 0 = -o + p - 0. Calculate the re